 divided by 32.
28
Calculate the remainder when 147 is divided by 22.
15
What is the remainder when 738 is divided by 5?
3
What is the remainder when 12 is divided by 2?
0
Calculate the remainder when 349 is divided by 44.
41
Calculate the remainder when 146 is divided by 25.
21
What is the remainder when 7179 is divided by 167?
165
What is the remainder when 67 is divided by 42?
25
Calculate the remainder when 210 is divided by 32.
18
Calculate the remainder when 112 is divided by 29.
25
What is the remainder when 230 is divided by 34?
26
Calculate the remainder when 365 is divided by 10.
5
What is the remainder when 3519 is divided by 20?
19
What is the remainder when 887 is divided by 32?
23
What is the remainder when 409 is divided by 23?
18
What is the remainder when 99 is divided by 56?
43
Calculate the remainder when 203 is divided by 98.
7
What is the remainder when 12149 is divided by 98?
95
What is the remainder when 16726 is divided by 152?
6
Calculate the remainder when 2116 is divided by 3.
1
What is the remainder when 44771 is divided by 26?
25
Calculate the remainder when 27999 is divided by 41.
37
What is the remainder when 519 is divided by 52?
51
Calculate the remainder when 28 is divided by 16.
12
What is the remainder when 145 is divided by 54?
37
Calculate the remainder when 429 is divided by 62.
57
What is the remainder when 80 is divided by 6?
2
Calculate the remainder when 383 is divided by 11.
9
What is the remainder when 196 is divided by 17?
9
Calculate the remainder when 1648 is divided by 30.
28
Calculate the remainder when 3990 is divided by 29.
17
Calculate the remainder when 172 is divided by 16.
12
Calculate the remainder when 1014 is divided by 126.
6
Calculate the remainder when 47 is divided by 3.
2
What is the remainder when 713 is divided by 144?
137
Calculate the remainder when 108 is divided by 32.
12
Calculate the remainder when 383 is divided by 43.
39
Calculate the remainder when 265 is divided by 15.
10
What is the remainder when 193 is divided by 31?
7
What is the remainder when 92 is divided by 75?
17
Calculate the remainder when 801 is divided by 11.
9
Calculate the remainder when 138 is divided by 115.
23
What is the remainder when 265 is divided by 67?
64
Calculate the remainder when 127 is divided by 19.
13
What is the remainder when 11 is divided by 6?
5
Calculate the remainder when 55069 is divided by 29.
27
Calculate the remainder when 473 is divided by 14.
11
What is the remainder when 3596 is divided by 120?
116
Calculate the remainder when 197 is divided by 56.
29
Calculate the remainder when 377 is divided by 9.
8
Calculate the remainder when 209 is divided by 6.
5
What is the remainder when 105 is divided by 18?
15
Calculate the remainder when 2235 is divided by 86.
85
Calculate the remainder when 1724 is divided by 216.
212
Calculate the remainder when 996 is divided by 17.
10
What is the remainder when 3246 is divided by 25?
21
What is the remainder when 53 is divided by 33?
20
Calculate the remainder when 1325 is divided by 440.
5
What is the remainder when 215 is divided by 13?
7
Calculate the remainder when 21 is divided by 6.
3
What is the remainder when 417 is divided by 47?
41
What is the remainder when 81 is divided by 22?
15
Calculate the remainder when 626 is divided by 17.
14
What is the remainder when 409 is divided by 106?
91
Calculate the remainder when 30 is divided by 12.
6
Calculate the remainder when 390 is divided by 17.
16
Calculate the remainder when 465 is divided by 69.
51
What is the remainder when 348 is divided by 13?
10
Calculate the remainder when 821 is divided by 267.
20
Calculate the remainder when 877 is divided by 83.
47
What is the remainder when 663 is divided by 52?
39
What is the remainder when 79 is divided by 14?
9
Calculate the remainder when 1990 is divided by 57.
52
Calculate the remainder when 5567 is divided by 505.
12
What is the remainder when 1264 is divided by 244?
44
What is the remainder when 35181 is divided by 24?
21
Calculate the remainder when 196 is divided by 117.
79
Calculate the remainder when 183 is divided by 68.
47
What is the remainder when 215 is divided by 47?
27
What is the remainder when 6569 is divided by 15?
14
Calculate the remainder when 13526 is divided by 178.
176
Calculate the remainder when 2053 is divided by 100.
53
What is the remainder when 1331 is divided by 102?
5
Calculate the remainder when 609 is divided by 149.
13
Calculate the remainder when 803 is divided by 135.
128
Calculate the remainder when 255 is divided by 47.
20
What is the remainder when 405 is divided by 104?
93
Calculate the remainder when 1901 is divided by 379.
6
Calculate the remainder when 134 is divided by 32.
6
What is the remainder when 916 is divided by 46?
42
What is the remainder when 5743 is divided by 221?
218
What is the remainder when 24 is divided by 13?
11
Calculate the remainder when 84 is divided by 79.
5
What is the remainder when 1287 is divided by 108?
99
What is the remainder when 196 is divided by 93?
10
What is the remainder when 118 is divided by 25?
18
Calculate the remainder when 34 is divided by 10.
4
What is the remainder when 552 is divided by 27?
12
What is the remainder when 218 is divided by 2?
0
What is the remainder when 4317 is divided by 40?
37
What is the remainder when 867 is divided by 120?
27
Calculate the remainder when 626 is divided by 54.
32
What is the remainder when 2563 is divided by 142?
7
What is the remainder when 353 is divided by 178?
175
What is the remainder when 1204 is divided by 401?
1
Calculate the remainder when 1053 is divided by 346.
15
Calculate the remainder when 170 is divided by 53.
11
What is the remainder when 132 is divided by 19?
18
Calculate the remainder when 147 is divided by 51.
45
Calculate the remainder when 1242 is divided by 5.
2
What is the remainder when 229 is divided by 10?
9
Calculate the remainder when 123 is divided by 13.
6
What is the remainder when 367 is divided by 69?
22
Calculate the remainder when 294 is divided by 33.
30
What is the remainder when 86 is divided by 18?
14
Calculate the remainder when 160 is divided by 33.
28
What is the remainder when 64 is divided by 59?
5
What is the remainder when 75 is divided by 53?
22
Calculate the remainder when 3097 is divided by 62.
59
What is the remainder when 315 is divided by 26?
3
Calculate the remainder when 44 is divided by 7.
2
What is the remainder when 493 is divided by 13?
12
Calculate the remainder when 13620 is divided by 26.
22
Calculate the remainder when 155 is divided by 35.
15
Calculate the remainder when 5686 is divided by 79.
77
Calculate the remainder when 214 is divided by 17.
10
What is the remainder when 62 is divided by 30?
2
Calculate the remainder when 518 is divided by 58.
54
Calculate the remainder when 1522 is divided by 153.
145
What is the remainder when 19 is divided by 18?
1
Calculate the remainder when 46 is divided by 6.
4
Calculate the remainder when 546 is divided by 131.
22
Calculate the remainder when 468 is divided by 245.
223
What is the remainder when 16 is divided by 13?
3
Calculate the remainder when 409 is divided by 70.
59
What is the remainder when 161 is divided by 18?
17
What is the remainder when 313 is divided by 307?
6
Calculate the remainder when 23 is divided by 5.
3
Calculate the remainder when 819 is divided by 41.
40
What is the remainder when 407 is divided by 141?
125
Calculate the remainder when 684 is divided by 315.
54
Calculate the remainder when 234 is divided by 64.
42
What is the remainder when 4645 is divided by 927?
10
Calculate the remainder when 113 is divided by 13.
9
What is the remainder when 206 is divided by 5?
1
Calculate the remainder when 370 is divided by 18.
10
Calculate the remainder when 20986 is divided by 159.
157
What is the remainder when 249 is divided by 5?
4
Calculate the remainder when 1098 is divided by 22.
20
Calculate the remainder when 4199 is divided by 30.
29
Calculate the remainder when 289 is divided by 87.
28
What is the remainder when 1465 is divided by 57?
40
Calculate the remainder when 220 is divided by 44.
0
Calculate the remainder when 112 is divided by 32.
16
What is the remainder when 446 is divide